greatest common divisor of r and h?
11
Suppose -134 = w - p - 595, -3*p + 457 = w. Suppose 4*x = d - 68, 5*d + 2*x = -2*x + w. Suppose -v + 2 = -20. Calculate the highest common divisor of d and v.
22
Let u be ((-11)/(-2) + 2)*336/18. What is the highest common factor of 80 and u?
20
Let z = -674 - -689. Let p(y) = 121*y**3 - y**2 + y - 1. Let a be p(1). Calculate the highest common factor of z and a.
15
Let b = 152 + -137. Suppose -12*r = -b*r + 24. Calculate the greatest common divisor of 6 and r.
2
Let m(q) = 20*q - 20. Let k be m(6). Let f = -25 + k. Let r(i) = -i**2 + 9*i - 5. Let w be r(5). Calculate the highest common divisor of w and f.
15
Let c = 72 + -30. Let p = c - 15. What is the highest common divisor of 3 and p?
3
Let p = -9 - -20. Let h be (-1)/(-5) + 198/(-15). Let t(f) = f**2 + 7*f + 10. Let r be t(h). What is the highest common factor of p and r?
11
Suppose 2*l = 7*l - 585. Let q = 7 + 6. Calculate the highest common divisor of q and l.
13
Let k = -4 - -6. Let z be (-4 + k - 8)/(-2). What is the highest common factor of z and 55?
5
Let h be 1/(((-4)/(-34))/2). Let w = -7 + h. Suppose -55*b = -5955 + 1555. Calculate the highest common factor of w and b.
10
Suppose -q + 3*q + 45 = -5*v, -3*q = 3*v + 54. Let a be ((-2)/(-4))/(q/(-240)). What is the highest common divisor of a and 40?
8
Let h be (17/(-51))/((-1)/24). Suppose 0 = -h*x + 316 + 244. Calculate the greatest common factor of 28 and x.
14
Suppose 2*m = 2*b - 110, 4*b + b = -3*m + 243. Let o be (0 + 4)/(-2) + b. What is the highest common divisor of o and 7?
7
Let m be -1*78/(-3) - 4. Suppose 0 = 4*p + 2*l + m, -4*p - 28 = 5*l + 9. Let v be (-2)/(p/((-36)/(-8))). What is the greatest common divisor of v and 1?
1
Let h(p) = -p**3 - 2*p**2 + 6*p + 34. Let k be h(-4). Calculate the greatest common divisor of k and 462.
42
Let h(o) = 50*o + 1. Let m(z) = z. Let y(q) = 2*h(q) - 22*m(q). Let b be y(1). What is the greatest common factor of 10 and b?
10
Suppose -9*i + 23 = -202. Calculate the greatest common divisor of i and 15.
5
Let w = -38 - -34. Let l be (-1616)/(-6) + w/3. Let s be 3 - 2*l/(-8). What is the greatest common divisor of s and 10?
10
Suppose -2*x + 5*m = -823, 3*m + 411 = x - 0*x. Suppose -708 = -4*s + 2*v, -5*s + 470 + x = -2*v. Calculate the highest common divisor of 22 and s.
22
Suppose 2*t + 3*t + 93 = 4*d, -t + 3*d - 23 = 0. Let h be 0/(-2) - (-3 + t). Suppose 10*q - 1216 = -16. Calculate the highest common factor of h and q.
20
Let k be (2 - 4)*(-5 - 0). Let d be (-2 + (8 - 3 - 2))*4. Suppose d*c + k - 62 = 0. Calculate the greatest common factor of c and 39.
13
Let w = -23 + 27. Suppose w*b = h + 17, 2*b = -0*h + h + 7. Suppose -4*d + h*o = -57, 4*o + 48 = 2*d + d. What is the highest common divisor of 8 and d?
4
Let f(p) = 161*p**2 + 6*p + 22. Let g be f(-4). What is the greatest common divisor of g and 39?
39
Suppose 1017*j + 3465 = 1050*j. What is the highest common factor of j and 165?
15
Let d = 19 - 15. Let m(x) = -x**2 + 10*x - 5. Let r be m(d). Calculate the highest common factor of 209 and r.
19
Let x(r) = r + 3. Let l be x(-3). Suppose l = -4*z + 3*h + 61, -2*z = 5*h - h - 58. What is the greatest common divisor of 133 and z?
19
Suppose 87 = 4*w - 1. Suppose -2*c + 3*c = 3*m - 14, -m - 4*c = -w. What is the greatest common divisor of m and 36?
6
Let q(j) = -12*j - 16. Let m be q(-3). Suppose 12 = 3*w, l + 3*w + 2*w - 22 = 0. Suppose 129 = l*h - 31. Calculate the greatest common divisor of h and m.
20
Let b = -452 - -570. What is the highest common factor of b and 8?
2
Suppose -18*n = -20*n + 34. Let b be (-914)/(-18) + 10/45. What is the highest common divisor of n and b?
17
Let x(c) be the third derivative of 0 + 0*c**4 + 2*c**3 + 1/60*c**5 + 0*c + 8*c**2. Let g be x(0). Calculate the highest common divisor of 12 and g.
12
Let h = -5 + 10. Suppose 5 = -h*k + 6*k. What is the greatest common divisor of 5 and k?
5
Let t = -20 + -4. Let l be (-6 + 1)/(4/t). Suppose 5*o + 39 = 114. What is the greatest common divisor of o and l?
15
Suppose 0 = -5*s + 21 - 6. Suppose -4*a + 157 = 5*q - 75, 5*q = s*a + 246. Calculate the greatest common factor of 12 and q.
12
Let s(i) = -i**3 - 7*i**2 + 7*i + 12. Let w be (0 - -2)/(14/(-42)). Let m be s(w). Let y be m/(-3)*3/6. Calculate the greatest common factor of 121 and y.
11
Suppose -2*y + 4*f + 298 = 0, -y + f = -3*f - 149. Suppose -3*c - y = -4*c. Let i = -59 + c. What is the highest common divisor of i and 18?
18
Let o(t) = 49*t - 10. Let w be o(4). Suppose 3*j + 201 = 3*r, -3*j + 5*j - w = -3*r. Let s be 204/26 + 18/117. What is the greatest common factor of r and s?
8
Let x(k) = 2*k + 3. Let p be x(-3). Let c be 24*-18*p/8. Let z be (-24)/(-2)*12/8. Calculate the highest common divisor of z and c.
18
Let b be (-774)/(-72) + 1/4. Let z = 31 - b. What is the highest common divisor of 80 and z?
20
Let w(t) = t - 4. Let y(m) = m - 3. Let j(q) = 5*w(q) - 6*y(q). Let r be j(-7). What is the greatest common factor of r and 2?
1
Let n(z) = z**2 + 18*z - 154. Let s be n(-29). Calculate the highest common factor of s and 385.
55
Let l(z) = 3*z + 340. Let c be l(26). What is the highest common divisor of c and 76?
38
Let r be 6/(-63) + (-10615)/(-105). Let u = 113 - r. What is the highest common factor of 15 and u?
3
Let w = -181 + 271. Calculate the greatest common factor of 18 and w.
18
Suppose 2*v - 416 = -2*d, 3*d = v - 2*v + 212. Calculate the greatest common factor of 515 and v.
103
Let v be (-201)/(-8) + 4/(-32). Let j be v*1*(-240)/50. Let f be ((-3)/2)/(15/j). Calculate the greatest common factor of f and 30.
6
Let s(m) = 12*m - 17. Let y(v) = 12*v - 16. Let c(u) = -2*s(u) + 3*y(u). Let t be c(3). What is the greatest common divisor of 110 and t?
22
Let h be -5 + 3 + (-60)/(-6). Suppose 0 = h*l - l - 392. Let n(i) = 2*i**2 - 8*i + 4. Let j be n(5). Calculate the highest common divisor of l and j.
14
Suppose 0*o + 17 = v - 3*o, 4*v = -o + 55. Let t = v - 49. Let w be t*((-28)/10 + 2). What is the greatest common divisor of w and 42?
14
Let z = 27 + -12. Let y(l) = -10 + z + 2*l - 7. Let m be y(21). What is the highest common factor of 10 and m?
10
Let j be 39/(-3) + 5 + -1. Let i be (2 - -2)/2 + j + 9. What is the highest common factor of i and 1?
1
Suppose 2086 = 10*d - 1114. What is the highest common factor of 128 and d?
64
Let x be 62/7 + (-8)/(-56). Suppose 0 = -5*u - y + 26, y + 2*y - 12 = -4*u. Calculate the highest common divisor of x and u.
3
Suppose d - q = q + 90, d + q - 81 = 0. What is the greatest common factor of d and 98?
14
Suppose 146*i = 117*i + 580. Calculate the greatest common divisor of i and 30.
10
Let z = -1 - -478. Calculate the greatest common divisor of z and 9.
9
Let t be (-1)/4 - 342/(-24). Let l(c) = 19*c + 0 - 16*c - 8 - 1. Let v be l(10). What is the highest common factor of t and v?
7
Let a(c) = -c + 15. Let d be a(0). Let f = -21 + 23. Suppose 75 = 7*k - f*k. Calculate the greatest common divisor of k and d.
15
Let r = -619 + 622. What is the highest common factor of 555 and r?
3
Let r = 242 + -209. Calculate the highest common divisor of r and 11.
11
Let i(y) = 6*y**2 - 13*y + 46. Let f be i(4). Calculate the highest common divisor of f and 5.
5
Suppose -13*b - 15*b = -3276. Let h = 27 + -14. Calculate the highest common divisor of h and b.
13
Let x = -6 - -5. Let k be 896/48*(-4 - x). Let v be (k/42)/((-1)/9). What is the highest common divisor of 48 and v?
12
Suppose 0*j = -8*j + 4416. Calculate the greatest common factor of j and 23.
23
Let r(z) = 2*z**2. Let n be r(4). Suppose -5*y = 68 - 308. Calculate the highest common divisor of n and y.
16
Let g(u) = -3*u - 8. Let v be g(-6). Let h(r) = -2*r**2 - 5*r + 1. Let f be h(-4). Let s = f - -16. What is the highest common factor of s and v?
5
Let v be 2651/99 - 6/(-27). Calculate the highest common divisor of v and 27.
27
Let k = 49 + 545. Calculate the greatest common factor of 132 and k.
66
Let i be 25 + -30 - (-248)/2. What is the greatest common factor of i and 51?
17
Let c(g) be the second derivative of g**5/20 - 3*g**4/2 + 3*g**3 - 15*g**2/2 + 22*g. Let x be c(17). What is the greatest common divisor of x and 22?
2
Let w be 1686 + 72/(2 - -10). Calculate the greatest common divisor of 36 and w.
36
Let k(g) = 